{"id":592,"date":"2020-08-27T16:01:19","date_gmt":"2020-08-27T19:01:19","guid":{"rendered":"http:\/\/nossafauna.com.br\/?page_id=592"},"modified":"2026-01-20T16:07:28","modified_gmt":"2026-01-20T19:07:28","slug":"diretoria","status":"publish","type":"page","link":"https:\/\/nossafauna.com.br\/?page_id=592","title":{"rendered":"Diretoria"},"content":{"rendered":"\t\t<div data-elementor-type=\"wp-page\" data-elementor-id=\"592\" class=\"elementor elementor-592\">\n\t\t\t\t\t\t<section class=\"elementor-section elementor-top-section elementor-element elementor-element-cd6bc81 elementor-section-height-min-height elementor-section-items-top elementor-section-boxed elementor-section-height-default\" data-id=\"cd6bc81\" data-element_type=\"section\" data-e-type=\"section\" data-settings=\"{&quot;background_background&quot;:&quot;classic&quot;}\">\n\t\t\t\t\t\t<div class=\"elementor-container elementor-column-gap-default\">\n\t\t\t\t\t<div class=\"elementor-column elementor-col-100 elementor-top-column elementor-element elementor-element-5cb3fd1\" data-id=\"5cb3fd1\" data-element_type=\"column\" data-e-type=\"column\" data-settings=\"{&quot;background_background&quot;:&quot;classic&quot;}\">\n\t\t\t<div class=\"elementor-widget-wrap elementor-element-populated\">\n\t\t\t\t\t\t<div class=\"elementor-element elementor-element-5539815 elementor-widget elementor-widget-text-editor\" data-id=\"5539815\" data-element_type=\"widget\" data-e-type=\"widget\" data-widget_type=\"text-editor.default\">\n\t\t\t\t<div class=\"elementor-widget-container\">\n\t\t\t\t\t\t\t\t\t<p style=\"text-align: left;\"><img fetchpriority=\"high\" decoding=\"async\" class=\"alignleft wp-image-1868 size-medium\" src=\"http:\/\/nossafauna.com.br\/wp-content\/uploads\/2020\/10\/Foto-Wesley-e1768935927303-177x300.png\" alt=\"\" width=\"177\" height=\"300\" srcset=\"https:\/\/nossafauna.com.br\/wp-content\/uploads\/2020\/10\/Foto-Wesley-e1768935927303-177x300.png 177w, https:\/\/nossafauna.com.br\/wp-content\/uploads\/2020\/10\/Foto-Wesley-e1768935927303.png 250w\" sizes=\"(max-width: 177px) 100vw, 177px\" \/><strong>Wesley R. Silva<\/strong> \u00e9 bi\u00f3logo (CRBio 0320\/01-D) com gradua\u00e7\u00e3o, mestrado e doutorado pela Unicamp, com est\u00e1gios de p\u00f3s-doutorado nos EUA e Austr\u00e1lia. <br \/>Foi professor na \u00e1rea de Zoologia de Vertebrados por mais de 40 anos na Unicamp, acumula conhecimento e experi\u00eancia com vertebrados nativos do Brasil, especialmente com aves e mam\u00edferos frug\u00edvoros. <br \/>Desenvolve pesquisas diversas envolvendo animais vertebrados nas \u00e1reas de ecologia, biodiversidade e restaura\u00e7\u00e3o ecol\u00f3gica. Link para curr\u00edculo Lattes: <a href=\"http:\/\/lattes.cnpq.br\/2864071049485978\">http:\/\/lattes.cnpq.br\/2864071049485978<\/a><\/p>\t\t\t\t\t\t\t\t<\/div>\n\t\t\t\t<\/div>\n\t\t\t\t\t<\/div>\n\t\t<\/div>\n\t\t\t\t\t<\/div>\n\t\t<\/section>\n\t\t\t\t<section class=\"elementor-section elementor-top-section elementor-element elementor-element-10812c4 elementor-section-boxed elementor-section-height-default elementor-section-height-default\" data-id=\"10812c4\" data-element_type=\"section\" data-e-type=\"section\" data-settings=\"{&quot;background_background&quot;:&quot;classic&quot;}\">\n\t\t\t\t\t\t<div class=\"elementor-container elementor-column-gap-default\">\n\t\t\t\t\t<div class=\"elementor-column elementor-col-100 elementor-top-column elementor-element elementor-element-b0b371a\" data-id=\"b0b371a\" data-element_type=\"column\" data-e-type=\"column\" data-settings=\"{&quot;background_background&quot;:&quot;classic&quot;}\">\n\t\t\t<div class=\"elementor-widget-wrap elementor-element-populated\">\n\t\t\t\t\t\t<div class=\"elementor-element elementor-element-216fab0 elementor-widget elementor-widget-text-editor\" data-id=\"216fab0\" data-element_type=\"widget\" data-e-type=\"widget\" data-widget_type=\"text-editor.default\">\n\t\t\t\t<div class=\"elementor-widget-container\">\n\t\t\t\t\t\t\t\t\t<p style=\"text-align: left;\"><strong><img decoding=\"async\" class=\"size-medium wp-image-3070 alignleft\" src=\"http:\/\/nossafauna.com.br\/wp-content\/uploads\/2021\/12\/Cris-Parque-do-Turvo-186x300.png\" alt=\"\" width=\"186\" height=\"300\" srcset=\"https:\/\/nossafauna.com.br\/wp-content\/uploads\/2021\/12\/Cris-Parque-do-Turvo-186x300.png 186w, https:\/\/nossafauna.com.br\/wp-content\/uploads\/2021\/12\/Cris-Parque-do-Turvo.png 409w\" sizes=\"(max-width: 186px) 100vw, 186px\" \/>Cristiane P. Zaniratto<\/strong> \u00e9 bi\u00f3loga (CRBio 116347\/01-D) com mestrado e doutorado pela Unicamp na \u00e1rea de Ecologia. <br \/>Possui experi\u00eancia em Educa\u00e7\u00e3o Ambiental e consultoria em levantamentos e monitoramentos de fauna, atendendo empresas p\u00fablicas e privadas. Link para curr\u00edculo Lattes: <a href=\"http:\/\/lattes.cnpq.br\/7702480259302405\">http:\/\/lattes.cnpq.br\/7702480259302405<\/a><\/p>\t\t\t\t\t\t\t\t<\/div>\n\t\t\t\t<\/div>\n\t\t\t\t\t<\/div>\n\t\t<\/div>\n\t\t\t\t\t<\/div>\n\t\t<\/section>\n\t\t\t\t<\/div>\n\t\t","protected":false},"excerpt":{"rendered":"<p>Wesley R. Silva \u00e9 bi\u00f3logo (CRBio 0320\/01-D) com gradua\u00e7\u00e3o, mestrado e doutorado pela Unicamp, com est\u00e1gios de p\u00f3s-doutorado nos EUA e Austr\u00e1lia. Foi professor na \u00e1rea de Zoologia de Vertebrados por mais de 40 anos na Unicamp, acumula conhecimento e experi\u00eancia com vertebrados nativos do Brasil, especialmente com aves e mam\u00edferos frug\u00edvoros. Desenvolve pesquisas diversas [&hellip;]<\/p>\n","protected":false},"author":1,"featured_media":0,"parent":0,"menu_order":0,"comment_status":"closed","ping_status":"closed","template":"","meta":{"site-sidebar-layout":"no-sidebar","site-content-layout":"page-builder","ast-site-content-layout":"default","site-content-style":"default","site-sidebar-style":"default","ast-global-header-display":"","ast-banner-title-visibility":"","ast-main-header-display":"","ast-hfb-above-header-display":"","ast-hfb-below-header-display":"","ast-hfb-mobile-header-display":"","site-post-title":"disabled","ast-breadcrumbs-content":"","ast-featured-img":"disabled","footer-sml-layout":"","theme-transparent-header-meta":"default","adv-header-id-meta":"","stick-header-meta":"","header-above-stick-meta":"","header-main-stick-meta":"","header-below-stick-meta":"","astra-migrate-meta-layouts":"default","ast-page-background-enabled":"default","ast-page-background-meta":{"desktop":{"background-color":"var(--ast-global-color-4)","background-image":"","background-repeat":"repeat","background-position":"center center","background-size":"auto","background-attachment":"scroll","background-type":"","background-media":"","overlay-type":"","overlay-color":"","overlay-opacity":"","overlay-gradient":""},"tablet":{"background-color":"","background-image":"","background-repeat":"repeat","background-position":"center center","background-size":"auto","background-attachment":"scroll","background-type":"","background-media":"","overlay-type":"","overlay-color":"","overlay-opacity":"","overlay-gradient":""},"mobile":{"background-color":"","background-image":"","background-repeat":"repeat","background-position":"center center","background-size":"auto","background-attachment":"scroll","background-type":"","background-media":"","overlay-type":"","overlay-color":"","overlay-opacity":"","overlay-gradient":""}},"ast-content-background-meta":{"desktop":{"background-color":"var(--ast-global-color-5)","background-image":"","background-repeat":"repeat","background-position":"center center","background-size":"auto","background-attachment":"scroll","background-type":"","background-media":"","overlay-type":"","overlay-color":"","overlay-opacity":"","overlay-gradient":""},"tablet":{"background-color":"var(--ast-global-color-5)","background-image":"","background-repeat":"repeat","background-position":"center center","background-size":"auto","background-attachment":"scroll","background-type":"","background-media":"","overlay-type":"","overlay-color":"","overlay-opacity":"","overlay-gradient":""},"mobile":{"background-color":"var(--ast-global-color-5)","background-image":"","background-repeat":"repeat","background-position":"center center","background-size":"auto","background-attachment":"scroll","background-type":"","background-media":"","overlay-type":"","overlay-color":"","overlay-opacity":"","overlay-gradient":""}},"footnotes":""},"categories":[1],"tags":[],"class_list":["post-592","page","type-page","status-publish","hentry","category-geral"],"_links":{"self":[{"href":"https:\/\/nossafauna.com.br\/index.php?rest_route=\/wp\/v2\/pages\/592","targetHints":{"allow":["GET"]}}],"collection":[{"href":"https:\/\/nossafauna.com.br\/index.php?rest_route=\/wp\/v2\/pages"}],"about":[{"href":"https:\/\/nossafauna.com.br\/index.php?rest_route=\/wp\/v2\/types\/page"}],"author":[{"embeddable":true,"href":"https:\/\/nossafauna.com.br\/index.php?rest_route=\/wp\/v2\/users\/1"}],"replies":[{"embeddable":true,"href":"https:\/\/nossafauna.com.br\/index.php?rest_route=%2Fwp%2Fv2%2Fcomments&post=592"}],"version-history":[{"count":86,"href":"https:\/\/nossafauna.com.br\/index.php?rest_route=\/wp\/v2\/pages\/592\/revisions"}],"predecessor-version":[{"id":5382,"href":"https:\/\/nossafauna.com.br\/index.php?rest_route=\/wp\/v2\/pages\/592\/revisions\/5382"}],"wp:attachment":[{"href":"https:\/\/nossafauna.com.br\/index.php?rest_route=%2Fwp%2Fv2%2Fmedia&parent=592"}],"wp:term":[{"taxonomy":"category","embeddable":true,"href":"https:\/\/nossafauna.com.br\/index.php?rest_route=%2Fwp%2Fv2%2Fcategories&post=592"},{"taxonomy":"post_tag","embeddable":true,"href":"https:\/\/nossafauna.com.br\/index.php?rest_route=%2Fwp%2Fv2%2Ftags&post=592"}],"curies":[{"name":"wp","href":"https:\/\/api.w.org\/{rel}","templated":true}]}}